{"id":24,"date":"2015-01-09T15:00:11","date_gmt":"2015-01-09T15:00:11","guid":{"rendered":"http:\/\/www.bvrelectronic.de\/cms\/?page_id=24"},"modified":"2019-02-13T07:10:15","modified_gmt":"2019-02-13T07:10:15","slug":"beratung-entwicklung-konstruktion","status":"publish","type":"page","link":"https:\/\/www.bvrelectronic.de\/?page_id=24","title":{"rendered":"Beratung \/ Entwicklung \/ Konstruktion"},"content":{"rendered":"<h2>Beratung<\/h2>\n<p>Wir verf\u00fcgen \u00fcber jahrzehntelange Erfahrung in der Fertigung elektronischer Baugruppen.<br \/>\nNutzen Sie deshalb unser Angebot zur Beratung schon in der Entwicklungsphase Ihrer Produkte. Mit der fertigungsorientierten Baugruppe nehmen Sie Einfluss auf:<\/p>\n<ul>\n<li>die rationelle Fabrikation<\/li>\n<li>eine hohe Prozesssicherheit<\/li>\n<li>die effektiven Herstellungskosten und<\/li>\n<li>eine optimale Preisgestaltung.<\/li>\n<\/ul>\n<p>Dar\u00fcber hinaus beraten wir Sie gerne bei der Erstellung des Lastenheftes f\u00fcr die Entwicklung.<\/p>\n<h2>Entwicklung<\/h2>\n<p>Von der Idee zum Produkt. Wir projektieren und entwickeln Baugruppen und Systeml\u00f6sungen nach Kundenvorgabe. Egal, ob Sie eine komplette Entwicklung, oder eine Optimierung und \u00dcberarbeitung Ihres bestehenden Designs ben\u00f6tigen, mit uns haben Sie den richtigen Partner gefunden.<\/p>\n<p>Wir sind spezialisiert auf DfM (Design for Manufacturing) L\u00f6sungen und decken neben den technischen Normen und Richtlinien alle Faktoren f\u00fcr eine erfolgreiche Produktentwicklung ab. Wir sind Mitglied des Fachverbandes Elektronik-Design e.V. (FED). Zudem sind wir mit den neuesten Trends in punkto Layout-Design, Technologien und Richtlinien f\u00fcr optimale Produktionsprozesse vertraut.<\/p>\n","protected":false},"excerpt":{"rendered":"<p>Beratung Wir verf\u00fcgen \u00fcber jahrzehntelange Erfahrung in der Fertigung elektronischer Baugruppen. Nutzen Sie deshalb unser Angebot zur Beratung schon in der Entwicklungsphase Ihrer Produkte. Mit der fertigungsorientierten Baugruppe nehmen Sie Einfluss auf: die rationelle Fabrikation eine hohe Prozesssicherheit die effektiven Herstellungskosten und eine optimale Preisgestaltung. Dar\u00fcber hinaus beraten wir Sie gerne bei der Erstellung des [&hellip;]<\/p>\n","protected":false},"author":1,"featured_media":311,"parent":22,"menu_order":0,"comment_status":"open","ping_status":"open","template":"","meta":[],"yoast_head":"<!-- This site is optimized with the Yoast SEO plugin v19.14 - https:\/\/yoast.com\/wordpress\/plugins\/seo\/ -->\n<title>Beratung \/ Entwicklung \/ Konstruktion - BvR electronic<\/title>\n<meta name=\"robots\" content=\"index, follow, max-snippet:-1, max-image-preview:large, max-video-preview:-1\" \/>\n<link rel=\"canonical\" href=\"https:\/\/www.bvrelectronic.de\/?page_id=24\" \/>\n<meta property=\"og:locale\" content=\"de_DE\" \/>\n<meta property=\"og:type\" content=\"article\" \/>\n<meta property=\"og:title\" content=\"Beratung \/ Entwicklung \/ Konstruktion - BvR electronic\" \/>\n<meta property=\"og:description\" content=\"Beratung Wir verf\u00fcgen \u00fcber jahrzehntelange Erfahrung in der Fertigung elektronischer Baugruppen. Nutzen Sie deshalb unser Angebot zur Beratung schon in der Entwicklungsphase Ihrer Produkte. Mit der fertigungsorientierten Baugruppe nehmen Sie Einfluss auf: die rationelle Fabrikation eine hohe Prozesssicherheit die effektiven Herstellungskosten und eine optimale Preisgestaltung. Dar\u00fcber hinaus beraten wir Sie gerne bei der Erstellung des [&hellip;]\" \/>\n<meta property=\"og:url\" content=\"https:\/\/www.bvrelectronic.de\/?page_id=24\" \/>\n<meta property=\"og:site_name\" content=\"BvR electronic\" \/>\n<meta property=\"article:modified_time\" content=\"2019-02-13T07:10:15+00:00\" \/>\n<meta property=\"og:image\" content=\"https:\/\/www.bvrelectronic.de\/cms\/wp-content\/uploads\/Beratung.jpg\" \/>\n\t<meta property=\"og:image:width\" content=\"1688\" \/>\n\t<meta property=\"og:image:height\" content=\"826\" \/>\n\t<meta property=\"og:image:type\" content=\"image\/jpeg\" \/>\n<meta name=\"twitter:label1\" content=\"Gesch\u00e4tzte Lesezeit\" \/>\n\t<meta name=\"twitter:data1\" content=\"1\u00a0Minute\" \/>\n<script type=\"application\/ld+json\" class=\"yoast-schema-graph\">{\"@context\":\"https:\/\/schema.org\",\"@graph\":[{\"@type\":\"WebPage\",\"@id\":\"https:\/\/www.bvrelectronic.de\/?page_id=24\",\"url\":\"https:\/\/www.bvrelectronic.de\/?page_id=24\",\"name\":\"Beratung \/ Entwicklung \/ Konstruktion - BvR electronic\",\"isPartOf\":{\"@id\":\"https:\/\/www.bvrelectronic.de\/#website\"},\"datePublished\":\"2015-01-09T15:00:11+00:00\",\"dateModified\":\"2019-02-13T07:10:15+00:00\",\"breadcrumb\":{\"@id\":\"https:\/\/www.bvrelectronic.de\/?page_id=24#breadcrumb\"},\"inLanguage\":\"de\",\"potentialAction\":[{\"@type\":\"ReadAction\",\"target\":[\"https:\/\/www.bvrelectronic.de\/?page_id=24\"]}]},{\"@type\":\"BreadcrumbList\",\"@id\":\"https:\/\/www.bvrelectronic.de\/?page_id=24#breadcrumb\",\"itemListElement\":[{\"@type\":\"ListItem\",\"position\":1,\"name\":\"Startseite\",\"item\":\"https:\/\/www.bvrelectronic.de\/\"},{\"@type\":\"ListItem\",\"position\":2,\"name\":\"Dienstleistungen\",\"item\":\"https:\/\/www.bvrelectronic.de\/?page_id=22\"},{\"@type\":\"ListItem\",\"position\":3,\"name\":\"Beratung \/ Entwicklung \/ Konstruktion\"}]},{\"@type\":\"WebSite\",\"@id\":\"https:\/\/www.bvrelectronic.de\/#website\",\"url\":\"https:\/\/www.bvrelectronic.de\/\",\"name\":\"BvR electronic\",\"description\":\"SMD\/THT Best\u00fcckung\",\"publisher\":{\"@id\":\"https:\/\/www.bvrelectronic.de\/#organization\"},\"potentialAction\":[{\"@type\":\"SearchAction\",\"target\":{\"@type\":\"EntryPoint\",\"urlTemplate\":\"https:\/\/www.bvrelectronic.de\/?s={search_term_string}\"},\"query-input\":\"required name=search_term_string\"}],\"inLanguage\":\"de\"},{\"@type\":\"Organization\",\"@id\":\"https:\/\/www.bvrelectronic.de\/#organization\",\"name\":\"BvR electronic GmbH\",\"url\":\"https:\/\/www.bvrelectronic.de\/\",\"logo\":{\"@type\":\"ImageObject\",\"inLanguage\":\"de\",\"@id\":\"https:\/\/www.bvrelectronic.de\/#\/schema\/logo\/image\/\",\"url\":\"https:\/\/www.bvrelectronic.de\/cms\/wp-content\/uploads\/BVR-logo-ISO-9001-2015.jpg\",\"contentUrl\":\"https:\/\/www.bvrelectronic.de\/cms\/wp-content\/uploads\/BVR-logo-ISO-9001-2015.jpg\",\"width\":1124,\"height\":632,\"caption\":\"BvR electronic GmbH\"},\"image\":{\"@id\":\"https:\/\/www.bvrelectronic.de\/#\/schema\/logo\/image\/\"}}]}<\/script>\n<!-- \/ Yoast SEO plugin. -->","yoast_head_json":{"title":"Beratung \/ Entwicklung \/ Konstruktion - BvR electronic","robots":{"index":"index","follow":"follow","max-snippet":"max-snippet:-1","max-image-preview":"max-image-preview:large","max-video-preview":"max-video-preview:-1"},"canonical":"https:\/\/www.bvrelectronic.de\/?page_id=24","og_locale":"de_DE","og_type":"article","og_title":"Beratung \/ Entwicklung \/ Konstruktion - BvR electronic","og_description":"Beratung Wir verf\u00fcgen \u00fcber jahrzehntelange Erfahrung in der Fertigung elektronischer Baugruppen. Nutzen Sie deshalb unser Angebot zur Beratung schon in der Entwicklungsphase Ihrer Produkte. Mit der fertigungsorientierten Baugruppe nehmen Sie Einfluss auf: die rationelle Fabrikation eine hohe Prozesssicherheit die effektiven Herstellungskosten und eine optimale Preisgestaltung. Dar\u00fcber hinaus beraten wir Sie gerne bei der Erstellung des [&hellip;]","og_url":"https:\/\/www.bvrelectronic.de\/?page_id=24","og_site_name":"BvR electronic","article_modified_time":"2019-02-13T07:10:15+00:00","og_image":[{"width":1688,"height":826,"url":"https:\/\/www.bvrelectronic.de\/cms\/wp-content\/uploads\/Beratung.jpg","type":"image\/jpeg"}],"twitter_misc":{"Gesch\u00e4tzte Lesezeit":"1\u00a0Minute"},"schema":{"@context":"https:\/\/schema.org","@graph":[{"@type":"WebPage","@id":"https:\/\/www.bvrelectronic.de\/?page_id=24","url":"https:\/\/www.bvrelectronic.de\/?page_id=24","name":"Beratung \/ Entwicklung \/ Konstruktion - BvR electronic","isPartOf":{"@id":"https:\/\/www.bvrelectronic.de\/#website"},"datePublished":"2015-01-09T15:00:11+00:00","dateModified":"2019-02-13T07:10:15+00:00","breadcrumb":{"@id":"https:\/\/www.bvrelectronic.de\/?page_id=24#breadcrumb"},"inLanguage":"de","potentialAction":[{"@type":"ReadAction","target":["https:\/\/www.bvrelectronic.de\/?page_id=24"]}]},{"@type":"BreadcrumbList","@id":"https:\/\/www.bvrelectronic.de\/?page_id=24#breadcrumb","itemListElement":[{"@type":"ListItem","position":1,"name":"Startseite","item":"https:\/\/www.bvrelectronic.de\/"},{"@type":"ListItem","position":2,"name":"Dienstleistungen","item":"https:\/\/www.bvrelectronic.de\/?page_id=22"},{"@type":"ListItem","position":3,"name":"Beratung \/ Entwicklung \/ Konstruktion"}]},{"@type":"WebSite","@id":"https:\/\/www.bvrelectronic.de\/#website","url":"https:\/\/www.bvrelectronic.de\/","name":"BvR electronic","description":"SMD\/THT Best\u00fcckung","publisher":{"@id":"https:\/\/www.bvrelectronic.de\/#organization"},"potentialAction":[{"@type":"SearchAction","target":{"@type":"EntryPoint","urlTemplate":"https:\/\/www.bvrelectronic.de\/?s={search_term_string}"},"query-input":"required name=search_term_string"}],"inLanguage":"de"},{"@type":"Organization","@id":"https:\/\/www.bvrelectronic.de\/#organization","name":"BvR electronic GmbH","url":"https:\/\/www.bvrelectronic.de\/","logo":{"@type":"ImageObject","inLanguage":"de","@id":"https:\/\/www.bvrelectronic.de\/#\/schema\/logo\/image\/","url":"https:\/\/www.bvrelectronic.de\/cms\/wp-content\/uploads\/BVR-logo-ISO-9001-2015.jpg","contentUrl":"https:\/\/www.bvrelectronic.de\/cms\/wp-content\/uploads\/BVR-logo-ISO-9001-2015.jpg","width":1124,"height":632,"caption":"BvR electronic GmbH"},"image":{"@id":"https:\/\/www.bvrelectronic.de\/#\/schema\/logo\/image\/"}}]}},"_links":{"self":[{"href":"https:\/\/www.bvrelectronic.de\/index.php?rest_route=\/wp\/v2\/pages\/24"}],"collection":[{"href":"https:\/\/www.bvrelectronic.de\/index.php?rest_route=\/wp\/v2\/pages"}],"about":[{"href":"https:\/\/www.bvrelectronic.de\/index.php?rest_route=\/wp\/v2\/types\/page"}],"author":[{"embeddable":true,"href":"https:\/\/www.bvrelectronic.de\/index.php?rest_route=\/wp\/v2\/users\/1"}],"replies":[{"embeddable":true,"href":"https:\/\/www.bvrelectronic.de\/index.php?rest_route=%2Fwp%2Fv2%2Fcomments&post=24"}],"version-history":[{"count":11,"href":"https:\/\/www.bvrelectronic.de\/index.php?rest_route=\/wp\/v2\/pages\/24\/revisions"}],"predecessor-version":[{"id":770,"href":"https:\/\/www.bvrelectronic.de\/index.php?rest_route=\/wp\/v2\/pages\/24\/revisions\/770"}],"up":[{"embeddable":true,"href":"https:\/\/www.bvrelectronic.de\/index.php?rest_route=\/wp\/v2\/pages\/22"}],"wp:featuredmedia":[{"embeddable":true,"href":"https:\/\/www.bvrelectronic.de\/index.php?rest_route=\/wp\/v2\/media\/311"}],"wp:attachment":[{"href":"https:\/\/www.bvrelectronic.de\/index.php?rest_route=%2Fwp%2Fv2%2Fmedia&parent=24"}],"curies":[{"name":"wp","href":"https:\/\/api.w.org\/{rel}","templated":true}]}}