{"id":67,"date":"2015-01-12T14:21:08","date_gmt":"2015-01-12T14:21:08","guid":{"rendered":"http:\/\/www.bvrelectronic.de\/cms\/?page_id=67"},"modified":"2015-02-09T18:21:41","modified_gmt":"2015-02-09T18:21:41","slug":"qualitaet-preis-lieferzeit","status":"publish","type":"page","link":"https:\/\/www.bvrelectronic.de\/?page_id=67","title":{"rendered":"Qualit\u00e4t \/ Preis \/ Lieferzeit"},"content":{"rendered":"<h2>Qualit\u00e4t<\/h2>\n<p>Qualit\u00e4t hat in unserer Fertigung absolute Priorit\u00e4t.<\/p>\n<p>Alle f\u00fcr den Fertigungsprozess notwendigen, qualit\u00e4tsrelevanten Arbeitsschritte werden konsequent nach den Qualit\u00e4ts-Richtlinien kontrolliert und dokumentiert. Das Ziel unserer hochmotivierten Mitarbeiter ist es, den Status als A-Lieferant sicherzustellen. Dabei steht die gezielte Umsetzung der individuellen W\u00fcnsche unserer Kunden immer im Mittelpunkt!<\/p>\n<h2>Preis<\/h2>\n<p>Aufgrund unserer hohen Prozesssicherheit und der umfangreichen Maschinenkapazit\u00e4t sind wir Ihr idealer Partner. Wir produzieren schnell und preiswert.<\/p>\n<p>Gegen\u00fcber unseren ausl\u00e4ndischen Mitbewerbern existieren neben der pers\u00f6nlichen Kundenbetreuung weitere Pluspunkte:<\/p>\n<ul>\n<li>keine Sprachbarrieren<\/li>\n<li>keine W\u00e4hrungsschwankungen<\/li>\n<li>kosteng\u00fcnstigere Kommunikation<\/li>\n<li>geringere Transportkosten<\/li>\n<li>keine Z\u00f6lle<\/li>\n<\/ul>\n<h2>Lieferzeit<\/h2>\n<p>Zuverl\u00e4ssigkeit und Termintreue werden bei uns ganz grossgeschrieben. Diese basieren auf:<\/p>\n<ul>\n<li>hoher Flexibilit\u00e4t<\/li>\n<li>gro\u00dfer Maschinenkapazit\u00e4t<\/li>\n<li>eigenem Vorrichtungsbau<\/li>\n<li>einsatzfreudigen Mitarbeitern<\/li>\n<li>kontinuierlicher Kundenn\u00e4he<\/li>\n<\/ul>\n<p>Bei technischen \u00c4nderungen reagieren wir unverz\u00fcglich.<\/p>\n<p>Durch unsere kurze Reaktionszeit und schnelle Belieferung erm\u00f6glichen wir unseren Kunden die Sicherstellung wichtiger Marktanteile und einen Vorsprung vor Mitbewerbern.<\/p>\n","protected":false},"excerpt":{"rendered":"<p>Qualit\u00e4t Qualit\u00e4t hat in unserer Fertigung absolute Priorit\u00e4t. Alle f\u00fcr den Fertigungsprozess notwendigen, qualit\u00e4tsrelevanten Arbeitsschritte werden konsequent nach den Qualit\u00e4ts-Richtlinien kontrolliert und dokumentiert. Das Ziel unserer hochmotivierten Mitarbeiter ist es, den Status als A-Lieferant sicherzustellen. Dabei steht die gezielte Umsetzung der individuellen W\u00fcnsche unserer Kunden immer im Mittelpunkt! Preis Aufgrund unserer hohen Prozesssicherheit und der [&hellip;]<\/p>\n","protected":false},"author":1,"featured_media":0,"parent":26,"menu_order":0,"comment_status":"open","ping_status":"open","template":"","meta":[],"yoast_head":"<!-- This site is optimized with the Yoast SEO plugin v19.14 - https:\/\/yoast.com\/wordpress\/plugins\/seo\/ -->\n<title>Qualit\u00e4t \/ Preis \/ Lieferzeit - BvR electronic<\/title>\n<meta name=\"robots\" content=\"index, follow, max-snippet:-1, max-image-preview:large, max-video-preview:-1\" \/>\n<link rel=\"canonical\" href=\"https:\/\/www.bvrelectronic.de\/?page_id=67\" \/>\n<meta property=\"og:locale\" content=\"de_DE\" \/>\n<meta property=\"og:type\" content=\"article\" \/>\n<meta property=\"og:title\" content=\"Qualit\u00e4t \/ Preis \/ Lieferzeit - BvR electronic\" \/>\n<meta property=\"og:description\" content=\"Qualit\u00e4t Qualit\u00e4t hat in unserer Fertigung absolute Priorit\u00e4t. Alle f\u00fcr den Fertigungsprozess notwendigen, qualit\u00e4tsrelevanten Arbeitsschritte werden konsequent nach den Qualit\u00e4ts-Richtlinien kontrolliert und dokumentiert. Das Ziel unserer hochmotivierten Mitarbeiter ist es, den Status als A-Lieferant sicherzustellen. Dabei steht die gezielte Umsetzung der individuellen W\u00fcnsche unserer Kunden immer im Mittelpunkt! Preis Aufgrund unserer hohen Prozesssicherheit und der [&hellip;]\" \/>\n<meta property=\"og:url\" content=\"https:\/\/www.bvrelectronic.de\/?page_id=67\" \/>\n<meta property=\"og:site_name\" content=\"BvR electronic\" \/>\n<meta property=\"article:modified_time\" content=\"2015-02-09T18:21:41+00:00\" \/>\n<meta name=\"twitter:label1\" content=\"Gesch\u00e4tzte Lesezeit\" \/>\n\t<meta name=\"twitter:data1\" content=\"1\u00a0Minute\" \/>\n<script type=\"application\/ld+json\" class=\"yoast-schema-graph\">{\"@context\":\"https:\/\/schema.org\",\"@graph\":[{\"@type\":\"WebPage\",\"@id\":\"https:\/\/www.bvrelectronic.de\/?page_id=67\",\"url\":\"https:\/\/www.bvrelectronic.de\/?page_id=67\",\"name\":\"Qualit\u00e4t \/ Preis \/ Lieferzeit - BvR electronic\",\"isPartOf\":{\"@id\":\"https:\/\/www.bvrelectronic.de\/#website\"},\"datePublished\":\"2015-01-12T14:21:08+00:00\",\"dateModified\":\"2015-02-09T18:21:41+00:00\",\"breadcrumb\":{\"@id\":\"https:\/\/www.bvrelectronic.de\/?page_id=67#breadcrumb\"},\"inLanguage\":\"de\",\"potentialAction\":[{\"@type\":\"ReadAction\",\"target\":[\"https:\/\/www.bvrelectronic.de\/?page_id=67\"]}]},{\"@type\":\"BreadcrumbList\",\"@id\":\"https:\/\/www.bvrelectronic.de\/?page_id=67#breadcrumb\",\"itemListElement\":[{\"@type\":\"ListItem\",\"position\":1,\"name\":\"Startseite\",\"item\":\"https:\/\/www.bvrelectronic.de\/\"},{\"@type\":\"ListItem\",\"position\":2,\"name\":\"Unternehmen\",\"item\":\"https:\/\/www.bvrelectronic.de\/?page_id=26\"},{\"@type\":\"ListItem\",\"position\":3,\"name\":\"Qualit\u00e4t \/ Preis \/ Lieferzeit\"}]},{\"@type\":\"WebSite\",\"@id\":\"https:\/\/www.bvrelectronic.de\/#website\",\"url\":\"https:\/\/www.bvrelectronic.de\/\",\"name\":\"BvR electronic\",\"description\":\"SMD\/THT Best\u00fcckung\",\"publisher\":{\"@id\":\"https:\/\/www.bvrelectronic.de\/#organization\"},\"potentialAction\":[{\"@type\":\"SearchAction\",\"target\":{\"@type\":\"EntryPoint\",\"urlTemplate\":\"https:\/\/www.bvrelectronic.de\/?s={search_term_string}\"},\"query-input\":\"required name=search_term_string\"}],\"inLanguage\":\"de\"},{\"@type\":\"Organization\",\"@id\":\"https:\/\/www.bvrelectronic.de\/#organization\",\"name\":\"BvR electronic GmbH\",\"url\":\"https:\/\/www.bvrelectronic.de\/\",\"logo\":{\"@type\":\"ImageObject\",\"inLanguage\":\"de\",\"@id\":\"https:\/\/www.bvrelectronic.de\/#\/schema\/logo\/image\/\",\"url\":\"https:\/\/www.bvrelectronic.de\/cms\/wp-content\/uploads\/BVR-logo-ISO-9001-2015.jpg\",\"contentUrl\":\"https:\/\/www.bvrelectronic.de\/cms\/wp-content\/uploads\/BVR-logo-ISO-9001-2015.jpg\",\"width\":1124,\"height\":632,\"caption\":\"BvR electronic GmbH\"},\"image\":{\"@id\":\"https:\/\/www.bvrelectronic.de\/#\/schema\/logo\/image\/\"}}]}<\/script>\n<!-- \/ Yoast SEO plugin. -->","yoast_head_json":{"title":"Qualit\u00e4t \/ Preis \/ Lieferzeit - BvR electronic","robots":{"index":"index","follow":"follow","max-snippet":"max-snippet:-1","max-image-preview":"max-image-preview:large","max-video-preview":"max-video-preview:-1"},"canonical":"https:\/\/www.bvrelectronic.de\/?page_id=67","og_locale":"de_DE","og_type":"article","og_title":"Qualit\u00e4t \/ Preis \/ Lieferzeit - BvR electronic","og_description":"Qualit\u00e4t Qualit\u00e4t hat in unserer Fertigung absolute Priorit\u00e4t. Alle f\u00fcr den Fertigungsprozess notwendigen, qualit\u00e4tsrelevanten Arbeitsschritte werden konsequent nach den Qualit\u00e4ts-Richtlinien kontrolliert und dokumentiert. Das Ziel unserer hochmotivierten Mitarbeiter ist es, den Status als A-Lieferant sicherzustellen. Dabei steht die gezielte Umsetzung der individuellen W\u00fcnsche unserer Kunden immer im Mittelpunkt! Preis Aufgrund unserer hohen Prozesssicherheit und der [&hellip;]","og_url":"https:\/\/www.bvrelectronic.de\/?page_id=67","og_site_name":"BvR electronic","article_modified_time":"2015-02-09T18:21:41+00:00","twitter_misc":{"Gesch\u00e4tzte Lesezeit":"1\u00a0Minute"},"schema":{"@context":"https:\/\/schema.org","@graph":[{"@type":"WebPage","@id":"https:\/\/www.bvrelectronic.de\/?page_id=67","url":"https:\/\/www.bvrelectronic.de\/?page_id=67","name":"Qualit\u00e4t \/ Preis \/ Lieferzeit - BvR electronic","isPartOf":{"@id":"https:\/\/www.bvrelectronic.de\/#website"},"datePublished":"2015-01-12T14:21:08+00:00","dateModified":"2015-02-09T18:21:41+00:00","breadcrumb":{"@id":"https:\/\/www.bvrelectronic.de\/?page_id=67#breadcrumb"},"inLanguage":"de","potentialAction":[{"@type":"ReadAction","target":["https:\/\/www.bvrelectronic.de\/?page_id=67"]}]},{"@type":"BreadcrumbList","@id":"https:\/\/www.bvrelectronic.de\/?page_id=67#breadcrumb","itemListElement":[{"@type":"ListItem","position":1,"name":"Startseite","item":"https:\/\/www.bvrelectronic.de\/"},{"@type":"ListItem","position":2,"name":"Unternehmen","item":"https:\/\/www.bvrelectronic.de\/?page_id=26"},{"@type":"ListItem","position":3,"name":"Qualit\u00e4t \/ Preis \/ Lieferzeit"}]},{"@type":"WebSite","@id":"https:\/\/www.bvrelectronic.de\/#website","url":"https:\/\/www.bvrelectronic.de\/","name":"BvR electronic","description":"SMD\/THT Best\u00fcckung","publisher":{"@id":"https:\/\/www.bvrelectronic.de\/#organization"},"potentialAction":[{"@type":"SearchAction","target":{"@type":"EntryPoint","urlTemplate":"https:\/\/www.bvrelectronic.de\/?s={search_term_string}"},"query-input":"required name=search_term_string"}],"inLanguage":"de"},{"@type":"Organization","@id":"https:\/\/www.bvrelectronic.de\/#organization","name":"BvR electronic GmbH","url":"https:\/\/www.bvrelectronic.de\/","logo":{"@type":"ImageObject","inLanguage":"de","@id":"https:\/\/www.bvrelectronic.de\/#\/schema\/logo\/image\/","url":"https:\/\/www.bvrelectronic.de\/cms\/wp-content\/uploads\/BVR-logo-ISO-9001-2015.jpg","contentUrl":"https:\/\/www.bvrelectronic.de\/cms\/wp-content\/uploads\/BVR-logo-ISO-9001-2015.jpg","width":1124,"height":632,"caption":"BvR electronic GmbH"},"image":{"@id":"https:\/\/www.bvrelectronic.de\/#\/schema\/logo\/image\/"}}]}},"_links":{"self":[{"href":"https:\/\/www.bvrelectronic.de\/index.php?rest_route=\/wp\/v2\/pages\/67"}],"collection":[{"href":"https:\/\/www.bvrelectronic.de\/index.php?rest_route=\/wp\/v2\/pages"}],"about":[{"href":"https:\/\/www.bvrelectronic.de\/index.php?rest_route=\/wp\/v2\/types\/page"}],"author":[{"embeddable":true,"href":"https:\/\/www.bvrelectronic.de\/index.php?rest_route=\/wp\/v2\/users\/1"}],"replies":[{"embeddable":true,"href":"https:\/\/www.bvrelectronic.de\/index.php?rest_route=%2Fwp%2Fv2%2Fcomments&post=67"}],"version-history":[{"count":10,"href":"https:\/\/www.bvrelectronic.de\/index.php?rest_route=\/wp\/v2\/pages\/67\/revisions"}],"predecessor-version":[{"id":626,"href":"https:\/\/www.bvrelectronic.de\/index.php?rest_route=\/wp\/v2\/pages\/67\/revisions\/626"}],"up":[{"embeddable":true,"href":"https:\/\/www.bvrelectronic.de\/index.php?rest_route=\/wp\/v2\/pages\/26"}],"wp:attachment":[{"href":"https:\/\/www.bvrelectronic.de\/index.php?rest_route=%2Fwp%2Fv2%2Fmedia&parent=67"}],"curies":[{"name":"wp","href":"https:\/\/api.w.org\/{rel}","templated":true}]}}